{"id":36,"date":"2016-08-02T13:40:48","date_gmt":"2016-08-02T12:40:48","guid":{"rendered":"http:\/\/plaza.vipol.pl\/?page_id=36"},"modified":"2016-09-14T12:19:59","modified_gmt":"2016-09-14T11:19:59","slug":"o-nas","status":"publish","type":"page","link":"https:\/\/vipolplaza.pl\/?page_id=36","title":{"rendered":"O nas &#8211; About Us"},"content":{"rendered":"<p class=\"font_8\"><img loading=\"lazy\" class=\"aligncenter wp-image-95 size-full\" src=\"http:\/\/plaza.vipol.pl\/wp-content\/uploads\/2016\/08\/mapka3.jpg\" alt=\"mapka3\" width=\"1670\" height=\"1748\" srcset=\"https:\/\/vipolplaza.pl\/wp-content\/uploads\/2016\/08\/mapka3.jpg 1670w, https:\/\/vipolplaza.pl\/wp-content\/uploads\/2016\/08\/mapka3-287x300.jpg 287w, https:\/\/vipolplaza.pl\/wp-content\/uploads\/2016\/08\/mapka3-768x804.jpg 768w, https:\/\/vipolplaza.pl\/wp-content\/uploads\/2016\/08\/mapka3-978x1024.jpg 978w, https:\/\/vipolplaza.pl\/wp-content\/uploads\/2016\/08\/mapka3-980x1026.jpg 980w\" sizes=\"(max-width: 1670px) 100vw, 1670px\" \/><\/p>\n<h6 class=\"font_8\"><span style=\"color: #008080;\">LOKALIZACJA<\/span><\/h6>\n<p>&nbsp;<\/p>\n<p class=\"font_8\">Kompleks VIPOL PLAZA zlokalizowany jest przy ul. M\u0142ynarskiej na warszawskiej Woli. Po\u0142o\u017cenie budynku zapewnia doskona\u0142\u0105 komunikacj\u0119 zar\u00f3wno samochodem jak i \u015brodkami komunikacji publicznej.<\/p>\n<ul class=\"font_8\">\n<li>\n<p class=\"font_8\">Przystanek tramwajowy tu\u017c przy g\u0142\u00f3wnym wej\u015bciu do kompleksu<\/p>\n<\/li>\n<li>\n<p class=\"font_8\">10 minut jazdy do Centrum Miasta<\/p>\n<\/li>\n<li>\n<p class=\"font_8\">Prosty dojazd do lotniska Chopina (15 min)<\/p>\n<\/li>\n<li>\n<p class=\"font_8\">Dogodny dojazd do stacji I linii metra (\u2018Ratusz Arsena\u0142\u2019) oraz stacji II linii metra (\u2018Rondo Daszy\u0144skiego\u2019)<\/p>\n<\/li>\n<li>\n<p class=\"font_8\">Planowana do 2019 stacja II linii metra \u2018Wolska\u2019<\/p>\n<\/li>\n<li>\n<p class=\"font_8\">Blisko\u015b\u0107 kolei: SKM, KM (5 min do stacji Warszawa Ko\u0142o)<\/p>\n<\/li>\n<li>\n<p class=\"font_8\">\u0141atwy dost\u0119p do drogi ekspresowej S2 i Alei Prymasa Tysi\u0105clecia<\/p>\n<\/li>\n<\/ul>\n<p>Dodatkowym atutem lokalizacji jest s\u0105siedztwo hoteli i centr\u00f3w handlowych oferuj\u0105cych opr\u00f3cz bogatej oferty sklepowej us\u0142ugi gastronomiczne, fitness, si\u0142ownie, kino, czy te\u017c centrum medyczne.<\/p>\n<p>&nbsp;<\/p>\n<h6><span style=\"color: #008080;\">LOCATION<\/span><\/h6>\n<p>&nbsp;<\/p>\n<p class=\"font_8\"><span class=\"color_14\" style=\"color: #808080;\">VIPOL PLAZA complex is located at M\u0142ynarska Street in the Wola district of Warsaw. The location provides excellent communication both by car and by public transport.<\/span><\/p>\n<p>&nbsp;<\/p>\n<ul class=\"font_8\">\n<li>\n<p class=\"font_8\"><span class=\"color_14\" style=\"color: #808080;\">Tram stop right at the main entrance to the complex<\/span><\/p>\n<\/li>\n<li>\n<p class=\"font_8\"><span class=\"color_14\" style=\"color: #808080;\">10 minute drive from the city centre<\/span><\/p>\n<\/li>\n<li>\n<p class=\"font_8\"><span class=\"color_14\" style=\"color: #808080;\">Within easy reach of Chopin Airport (15 minutes)<br \/>\n<\/span><\/p>\n<\/li>\n<li>\n<p class=\"font_8\"><span class=\"color_14\" style=\"color: #808080;\">Convenient access to 1st metro line station (&#8217;Ratusz Arsenal&#8217;) and 2nd metro line station (&#8217;Rondo Daszy\u0144skiego&#8217;)<\/span><\/p>\n<\/li>\n<li>\n<p class=\"font_8\"><span class=\"color_14\" style=\"color: #808080;\">2nd metro line station 'Wolska&#8217; planned for 2019<\/span><\/p>\n<\/li>\n<li>\n<p class=\"font_8\"><span class=\"color_14\" style=\"color: #808080;\">Close proximity to the railway: SKM, KM (5 minutes to the \u2018Warszawa Ko\u0142o\u2019 station)<\/span><\/p>\n<\/li>\n<li>\n<p class=\"font_8\"><span class=\"color_14\" style=\"color: #808080;\">Easy connection with expressway S2 and Prymasa Tysi\u0105clecia Road<\/span><\/p>\n<\/li>\n<\/ul>\n<p>&nbsp;<\/p>\n<p><span style=\"color: #808080;\">The conveniences that the nearby hotels and shopping malls provide are an additional advantage. Catering facilities, a gym, a cinema, a medical centre, as well as a wide range of retail stores are all located within a short distance of the building.<\/span><\/p>\n","protected":false},"excerpt":{"rendered":"<p>LOKALIZACJA &nbsp; Kompleks VIPOL PLAZA zlokalizowany jest przy ul. M\u0142ynarskiej na warszawskiej Woli. Po\u0142o\u017cenie budynku zapewnia doskona\u0142\u0105 komunikacj\u0119 zar\u00f3wno samochodem jak i \u015brodkami komunikacji publicznej. Przystanek tramwajowy tu\u017c przy g\u0142\u00f3wnym&#8230; <a class=\"read-more-button\" href=\"https:\/\/vipolplaza.pl\/?page_id=36\">Wi\u0119cej &gt;<\/a><\/p>\n","protected":false},"author":2,"featured_media":0,"parent":0,"menu_order":0,"comment_status":"closed","ping_status":"closed","template":"","meta":[],"_links":{"self":[{"href":"https:\/\/vipolplaza.pl\/index.php?rest_route=\/wp\/v2\/pages\/36"}],"collection":[{"href":"https:\/\/vipolplaza.pl\/index.php?rest_route=\/wp\/v2\/pages"}],"about":[{"href":"https:\/\/vipolplaza.pl\/index.php?rest_route=\/wp\/v2\/types\/page"}],"author":[{"embeddable":true,"href":"https:\/\/vipolplaza.pl\/index.php?rest_route=\/wp\/v2\/users\/2"}],"replies":[{"embeddable":true,"href":"https:\/\/vipolplaza.pl\/index.php?rest_route=%2Fwp%2Fv2%2Fcomments&post=36"}],"version-history":[{"count":13,"href":"https:\/\/vipolplaza.pl\/index.php?rest_route=\/wp\/v2\/pages\/36\/revisions"}],"predecessor-version":[{"id":184,"href":"https:\/\/vipolplaza.pl\/index.php?rest_route=\/wp\/v2\/pages\/36\/revisions\/184"}],"wp:attachment":[{"href":"https:\/\/vipolplaza.pl\/index.php?rest_route=%2Fwp%2Fv2%2Fmedia&parent=36"}],"curies":[{"name":"wp","href":"https:\/\/api.w.org\/{rel}","templated":true}]}}